s(3).
-32
Let p(z) = -11*z**2 + 10*z + 9. Calculate p(-1).
-12
Let h(z) = -z**2 - 20*z + 21. What is h(-21)?
0
Let q(x) = x**3 - 31*x**2 + 85*x - 22. Calculate q(28).
6
Let s(y) = 45*y + 48. Determine s(-2).
-42
Let l(c) = -5*c**3 + 3*c**2 - 3*c + 1. Give l(1).
-4
Let s(f) = -3*f**3 + 7*f**2 + f - 4. What is s(3)?
-19
Let h(k) = -k**3 - 9*k**2 - 11*k + 7. Calculate h(-8).
31
Let n(p) = -197*p + 1761. Calculate n(9).
-12
Let j(z) = -z**2 + 6*z - 3. What is j(-5)?
-58
Let v(o) = -o**2 + 11*o - 19. Give v(9).
-1
Let y(p) = -14*p + 362. Determine y(26).
-2
Let a(z) = -6*z - 43. Calculate a(0).
-43
Let h(i) = 15*i + 51. Calculate h(-4).
-9
Let f(j) = 2*j + 13. Determine f(-7).
-1
Let j(p) = -p**3 - 8*p**2 - 11*p - 14. Calculate j(-6).
-20
Let w(h) = 19*h + 10. What is w(-3)?
-47
Let a(d) = -d**2 - 3. What is a(-4)?
-19
Let g(n) = -3*n - 21. What is g(-3)?
-12
Let t(u) = u**3 + u**2 - u - 30. Give t(0).
-30
Let g(y) = 16*y - 1. Determine g(1).
15
Let j(v) = 7*v**3 + 3*v**2 + v - 2. Determine j(-2).
-48
Let f(d) = 2*d**2 - 5*d - 4. Give f(-4).
48
Let q(p) = p**2 - 24*p + 50. What is q(22)?
6
Let q(z) = 71*z. Determine q(1).
71
Let t(u) = u**3 - u**2 - u - 5. Give t(0).
-5
Let g(j) = j**3 + 7*j**2 + j + 6. What is g(-6)?
36
Let i(v) = -v**2 - 26*v - 159. Determine i(-16).
1
Let g(n) = -n**2 + n + 1. What is g(-1)?
-1
Let n(o) = o**2 - 5*o - 13. Calculate n(-2).
1
Let k(p) = 2*p**3 + 20*p**2 - 5. Calculate k(-10).
-5
Let k(y) = -3*y**2 + 3*y - 3. What is k(2)?
-9
Let s(z) = 2*z**2 + 8*z - 29. What is s(-6)?
-5
Let q(u) = u - 14. Give q(6).
-8
Let y(c) = -c**3 + 3*c - 4. Give y(-3).
14
Let o(h) = -h**2 - 16*h + 12. What is o(-14)?
40
Let y(g) = -170*g**3 + g**2 - 2*g - 2. What is y(-1)?
171
Let z(a) = -33*a - 24. Calculate z(5).
-189
Let x(h) = -h**3 - 21*h**2 - 20*h - 10. Calculate x(-20).
-10
Let t(x) = 3*x - 16. What is t(-4)?
-28
Let r(o) = 8*o - 71. Give r(6).
-23
Let k(q) = -12*q**2 + 5*q - 2. Calculate k(1).
-9
Let q(x) = x**3 + 26*x**2 + 47*x - 26. What is q(-24)?
-2
Let d(l) = -l**3 - 4*l**2 + 5*l + 2. What is d(-3)?
-22
Let i(b) = b**2 + 3*b - 5. Calculate i(3).
13
Let o(x) = -110*x + 558. Give o(5).
8
Let n(k) = k**2 + 25*k + 25. Give n(-23).
-21
Let n(i) = 7*i + 27. Give n(2).
41
Let v(y) = 2*y**2 - 47*y - 21. What is v(24)?
3
Let x(g) = -g**3 - 6*g**2 + 3*g + 3. What is x(-3)?
-33
Let h(s) = 4*s**3 - 5*s**2 + 4*s - 2. Determine h(2).
18
Let t(s) = s**3 + 2*s**2 - 4*s + 1. Determine t(-3).
4
Let b(d) = 2*d**2 - 5*d - 6. Give b(5).
19
Let h(f) = 2*f**3 + 7*f**2 + 11*f + 6. Determine h(-4).
-54
Let w(o) = o**2 - 3. Give w(-6).
33
Let m(p) = -p**3 + 3*p**2 + p - 3. Calculate m(2).
3
Let g(t) = t**3 - 11*t**2 - 12*t + 17. Determine g(12).
17
Let i(w) = w**3 + 4*w**2 - 6*w - 5. Give i(-5).
0
Let o(s) = -4*s - 24. What is o(8)?
-56
Let u(p) = p**3 + 4*p**2 - 10*p + 13. Give u(-6).
1
Let m(o) = -o**3 - 11*o**2 - 3*o - 13. Determine m(-11).
20
Let o(d) = d - 10. Calculate o(-19).
-29
Let a(w) = -w**2 + 8*w - 9. Give a(9).
-18
Let n(u) = 2*u**2 - 3*u - 4. Give n(4).
16
Let l(b) = 10*b**2 - b - 5. What is l(-2)?
37
Let i(a) = 3*a - 6. Determine i(-8).
-30
Let u(w) = -w**2 - 2*w + 17. Calculate u(-6).
-7
Let n(d) = -d**2 + 5*d - 4. Give n(2).
2
Let t(c) = -c**2 + 8*c - 13. Give t(8).
-13
Let v(n) = -n**3 + 12*n**2 - 15*n + 26. What is v(11)?
-18
Let z(v) = -42*v**3 - v**2 + v. What is z(1)?
-42
Let q(d) = 4*d + 29. What is q(-4)?
13
Let m(y) = -52*y**2 + 9*y - 6. Determine m(1).
-49
Let d(w) = -21*w + 100. Calculate d(6).
-26
Let a(r) = -r**2 - 11*r + 13. What is a(-11)?
13
Let u(j) = 3*j - 32. Calculate u(11).
1
Let j(g) = g**3 + 11*g**2 + 10*g + 9. What is j(-10)?
9
Let i(x) = -3*x**2 + 4. What is i(-4)?
-44
Let k(j) = -j - 13. What is k(5)?
-18
Let p(i) = -170*i + 11. What is p(0)?
11
Let t(z) = 2*z**2 - 3*z - 1. Give t(4).
19
Let m(l) = -11*l**3 + l + 1. Determine m(-1).
11
Let p(h) = 22*h - 25. Give p(1).
-3
Let o(q) = q**3 - 9*q**2 - 2*q + 3. What is o(9)?
-15
Let a(m) = m**3 + 4*m**2 - 13*m + 4. What is a(2)?
2
Let r(f) = -66*f + 652. What is r(10)?
-8
Let t(o) = -2*o + 1. Give t(1).
-1
Let s(d) = -3*d**2 - 38*d + 87. Give s(-15).
-18
Let p(c) = c + 7. Calculate p(-13).
-6
Let m(f) = f**3 - 2*f**2 + 2*f + 6. Calculate m(0).
6
Let l(b) = 26*b**3 - 2*b**2 + b + 2. Calculate l(-1).
-27
Let h(b) = -29*b - 3. Give h(-3).
84
Let q(y) = y**3 - 8*y**2 + 1. Give q(8).
1
Let t(j) = 15*j**2 + 2*j. Calculate t(-1).
13
Let w(b) = 12*b**2 + 39*b + 40. Give w(-1).
13
Let p(h) = h**2 - 7*h + 4. Determine p(7).
4
Let q(d) = d**3 + 10*d**2 - 12*d + 3. What is q(-11)?
14
Let b(l) = 8*l + 38. Give b(-8).
-26
Let n(j) = j**3 + 17*j**2 + 14*j - 20. What is n(-16)?
12
Let g(t) = -84*t**3 + t**2 + t - 1. Determine g(1).
-83
Let y(o) = 4*o - 9. Give y(6).
15
Let p(d) = -d**2 + 24*d - 36. What is p(15)?
99
Let a(x) = -x**2 - 3*x - 1. What is a(-3)?
-1
Let z(s) = 35*s - 1. Give z(1).
34
Let n(y) = y**3 - 28*y**2 + 26*y + 1. What is n(27)?
-26
Let n(y) = -y**3 - 10*y**2 - 11*y - 18. Calculate n(-9).
0
Let b(w) = -w**2 + 11*w + 70. Determine b(15).
10
Let p(f) = -f**3 - 3*f**2 - 2*f - 3. What is p(-3)?
3
Let h(u) = -34*u - 95. Give h(-3).
7
Let b(u) = u**3 + 6*u**2 + 29*u + 118. Determine b(-5).
-2
Let x(c) = 2*c**3 - 4*c**2 + 3*c. What is x(2)?
6
Let s(f) = 2*f**3 + 4*f**2 + 4*f - 1. What is s(-1)?
-3
Let f(u) = -u**3 + 10*u**2 - 11*u - 6. Determine f(9).
-24
Let j(h) = h**2 - 5*h - 22. What is j(7)?
-8
Let v(w) = -116*w + 810. What is v(7)?
-2
Let b(n) = 2*n**2 + 3*n + 1. Calculate b(0).
1
Let t(d) = -3*d + 2. Calculate t(5).
-13
Let k(s) = -s**3 + 8*s**2 - 7*s + 34. Calculate k(7).
34
Let w(p) = -6*p**2 - 77*p - 55. Give w(-12).
5
Let z(b) = b**2 + 9*b - 9. What is z(-8)?
-17
Let n(u) = 2*u**2 - 2*u - 3. Give n(4).
21
Let g(i) = -i**3 - 6*i**2 - 2*i + 1. Determine g(-3).
-20
Let i(x) = -2*x**3 + 12*x**2 - 2*x - 3. Calculate i(6).
-15
Let y(p) = -p**3 - 36*p**2 - 36*p - 35. Determine y(-35).
0
Let c(y) = -10*y - 4. Determine c(0).
-4
Let g(h) = 6*h**2 + 2*h. Calculate g(-5).
140
Let c(d) = -d - 20. Give c(-5).
-15
Let m(i) = -6*i**2 - 2*i + 6. Determine m(2).
-22
Let c(o) = -o**3 + 14*o**2 - 11*o - 20. Give c(13).
6
Let x(u) = -u**2 + 6*u - 5. What is x(7)?
-12
Let s(r) = -2*r + 3. What is s(3)?
-3
Let r(c) = -c**3 + 20*c**2 + 19*c + 37. Determine r(21).
-5
Let n(q) = 5*q + 15. Determine n(-9).
-30
Let n(h) = -3*h**2 - 104*h - 27. Calculate n(-34).
41
Let t(z) = -z - 10. What is t(-2)?
-8
Let r(j) = -j**3 - 4*j**2 + 7. What is r(-3)?
-2
Let c(t) = -t**3 + 3*t**2 - 2. Determine c(1).
0
Let z(o) = 4*o**2 + 3*o + 6. Determine z(-5).
91
Let w(f) = -16*f - 167. What is w(-10)?
-7
Let q(s) = 2*s - 3. What is q(-5)?
-13
Let b(i) = i - 21. Determine b(14).
-7
Let n(t) = -29*t**3 + t**2 - t - 2. What is n(-1)?
29
Let s(r) = -r**2 + 7*r + 12. Determine s(9).
-6
Let l(s) = s**3 - 5*s**2 - 4*s - 6. Give l(6).
6
Let f(n) = n**3 + 32*n**2 - 66*n + 10. Calculate f(-34).
-58
Let j(o) = -o**2 + 5*o - 9. Give j(3).
-3
Let d(h) = h**3 - 13*h**2 + 12*h - 2. What is d(12)?
-2
Let l(a) = 2*a - 2. What is l(3)?
4
Let f(g) = 13*g - 27. Determine f(2).
-1
Let a(s) = -2*s**3 - 6*s**2 + 7*s + 5. Determine a(-4).
9
Let p(u) = -u**3 + 18*u**2 + 22*u - 40. Determine p(19).
17
Let w(r) = r - 15. Give w(24).
9
Let b(o) = o**2 - 2*o - 9. Calculate b(-3).
6
Let x(o) = -10*o**2 - 2*o - 11. Calculate x(3).
-107
Let w(y) = -y**3 + 11*y**2 - 10*y - 9. Give w(10).
-9
Let h(k) = k**2 + 35*k - 285. What is h(7)?
9
Let r(q) = q**3 - 6*q**2 + 3*q + 7. Give r(5).
-3
Let k(z) = -2*z**2 + 28*z - 6. What is k(14)?
-6
Let m(a) = a**3 + 3*a**2 - 16*a + 27. Calculate m(-6).
15
Let s(j) = 2*j**2 + 11*j + 5. Give s(-5).
0
Let m(y) = -y**2 + 2*y + 3. Calculate m(-3).
-12
Let n(m) = -m**3 - 13*m**2 + 13*m + 17. Determine n(-14).
31
Let r(u) = u - 11. Determine r(-6).
-17
Let i(x) = -x**2 - 8*x + 20. Give i(-10).
0
Let x(d) = 3*d**2 - 80*d - 30. Calculate x(27).
-3
Let f(y) = 3*y**3 - 3*y**2 + 2. Give f(2).
14
Let d(g) = -19*g + 179. What is d(10)?
-11
Let l(j) = 25*j - 94. Determine l(4).
6
Let r(u) = u**3 - 8*u**2 - 7*u - 27. Give r(9).
-9
Let r(o) = 5*o - 19. Calculate r(5).
6
Let v(k) = 22*k + 86. Calculate v(-4).
-2
Let h(v) = 2*v**2 - 22*v + 21. Determine h(10).
1
Let g(q) = 12*q - 335. Calculate g(29).
13
Let d(t)